[INFO] fetching crate quest-rs 0.2.8...
[INFO] checking quest-rs-0.2.8 against master#af3c6e733a40e671550e0f0f5aeecaa13772ba56 for pr-74989
[INFO] extracting crate quest-rs 0.2.8 into /workspace/builds/worker-11/source
[INFO] validating manifest of crates.io crate quest-rs 0.2.8 on toolchain af3c6e733a40e671550e0f0f5aeecaa13772ba56
[INFO] running `Command { std: "/workspace/cargo-home/bin/cargo" "+af3c6e733a40e671550e0f0f5aeecaa13772ba56" "read-manifest" "--manifest-path" "Cargo.toml", kill_on_drop: false }`
[INFO] removed /workspace/builds/worker-11/source/.cargo/config
[INFO] started tweaking crates.io crate quest-rs 0.2.8
[INFO] finished tweaking crates.io crate quest-rs 0.2.8
[INFO] tweaked toml for crates.io crate quest-rs 0.2.8 written to /workspace/builds/worker-11/source/Cargo.toml
[INFO] running `Command { std: "/workspace/cargo-home/bin/cargo" "+af3c6e733a40e671550e0f0f5aeecaa13772ba56" "generate-lockfile" "--manifest-path" "Cargo.toml" "-Zno-index-update", kill_on_drop: false }`
[INFO] [stderr]     Blocking waiting for file lock on package cache
[INFO] running `Command { std: "/workspace/cargo-home/bin/cargo" "+af3c6e733a40e671550e0f0f5aeecaa13772ba56" "fetch" "--locked" "--manifest-path" "Cargo.toml", kill_on_drop: false }`
[INFO] running `Command { std: "docker" "create" "-v" "/var/lib/crater-agent-workspace/builds/worker-11/target:/opt/rustwide/target:rw,Z" "-v" "/var/lib/crater-agent-workspace/builds/worker-11/source:/opt/rustwide/workdir:ro,Z" "-v" "/var/lib/crater-agent-workspace/cargo-home:/opt/rustwide/cargo-home:ro,Z" "-v" "/var/lib/crater-agent-workspace/rustup-home:/opt/rustwide/rustup-home:ro,Z" "-e" "SOURCE_DIR=/opt/rustwide/workdir" "-e" "CARGO_TARGET_DIR=/opt/rustwide/target" "-e" "CARGO_HOME=/opt/rustwide/cargo-home" "-e" "RUSTUP_HOME=/opt/rustwide/rustup-home" "-w" "/opt/rustwide/workdir" "-m" "1610612736" "--user" "0:0" "--network" "none" "rustops/crates-build-env@sha256:d92eaeed33fa75130ca1ee6c8a01d1ffb62bac859dfdfb3450e3e5d1c0146529" "/opt/rustwide/cargo-home/bin/cargo" "+af3c6e733a40e671550e0f0f5aeecaa13772ba56" "metadata" "--no-deps" "--format-version=1", kill_on_drop: false }`
[INFO] [stdout] af220b0ccbdeaafdf6c1318dc58493f5b50ad58f75bdb586da1e0d4176f08e3d
[INFO] [stderr] WARNING: Your kernel does not support swap limit capabilities or the cgroup is not mounted. Memory limited without swap.
[INFO] running `Command { std: "docker" "start" "-a" "af220b0ccbdeaafdf6c1318dc58493f5b50ad58f75bdb586da1e0d4176f08e3d", kill_on_drop: false }`
[INFO] running `Command { std: "docker" "inspect" "af220b0ccbdeaafdf6c1318dc58493f5b50ad58f75bdb586da1e0d4176f08e3d", kill_on_drop: false }`
[INFO] running `Command { std: "docker" "rm" "-f" "af220b0ccbdeaafdf6c1318dc58493f5b50ad58f75bdb586da1e0d4176f08e3d", kill_on_drop: false }`
[INFO] [stdout] af220b0ccbdeaafdf6c1318dc58493f5b50ad58f75bdb586da1e0d4176f08e3d
[INFO] running `Command { std: "docker" "create" "-v" "/var/lib/crater-agent-workspace/builds/worker-11/target:/opt/rustwide/target:rw,Z" "-v" "/var/lib/crater-agent-workspace/builds/worker-11/source:/opt/rustwide/workdir:ro,Z" "-v" "/var/lib/crater-agent-workspace/cargo-home:/opt/rustwide/cargo-home:ro,Z" "-v" "/var/lib/crater-agent-workspace/rustup-home:/opt/rustwide/rustup-home:ro,Z" "-e" "SOURCE_DIR=/opt/rustwide/workdir" "-e" "CARGO_TARGET_DIR=/opt/rustwide/target" "-e" "CARGO_INCREMENTAL=0" "-e" "RUST_BACKTRACE=full" "-e" "RUSTFLAGS=--cap-lints=forbid" "-e" "CARGO_HOME=/opt/rustwide/cargo-home" "-e" "RUSTUP_HOME=/opt/rustwide/rustup-home" "-w" "/opt/rustwide/workdir" "-m" "1610612736" "--user" "0:0" "--network" "none" "rustops/crates-build-env@sha256:d92eaeed33fa75130ca1ee6c8a01d1ffb62bac859dfdfb3450e3e5d1c0146529" "/opt/rustwide/cargo-home/bin/cargo" "+af3c6e733a40e671550e0f0f5aeecaa13772ba56" "check" "--frozen" "--all" "--all-targets" "--message-format=json", kill_on_drop: false }`
[INFO] [stdout] f081690585bb96ad40a140e02f540078d2c375853f881f19cd709caf5ccf4e86
[INFO] [stderr] WARNING: Your kernel does not support swap limit capabilities or the cgroup is not mounted. Memory limited without swap.
[INFO] running `Command { std: "docker" "start" "-a" "f081690585bb96ad40a140e02f540078d2c375853f881f19cd709caf5ccf4e86", kill_on_drop: false }`
[INFO] [stderr]    Compiling memchr v2.3.3
[INFO] [stderr]    Compiling cc v1.0.59
[INFO] [stderr]    Compiling version_check v0.9.2
[INFO] [stderr]    Compiling bitflags v1.2.1
[INFO] [stderr]    Compiling log v0.4.11
[INFO] [stderr]    Compiling proc-macro2 v1.0.21
[INFO] [stderr]    Compiling libc v0.2.77
[INFO] [stderr]    Compiling nom v5.1.2
[INFO] [stderr]    Compiling aho-corasick v0.7.13
[INFO] [stderr]    Compiling cmake v0.1.44
[INFO] [stderr]    Compiling quote v1.0.7
[INFO] [stderr]    Compiling atty v0.2.14
[INFO] [stderr]    Compiling which v3.1.1
[INFO] [stderr]    Compiling clap v2.33.3
[INFO] [stderr]    Compiling libloading v0.5.2
[INFO] [stderr]    Compiling regex v1.3.9
[INFO] [stderr]    Compiling clang-sys v0.29.3
[INFO] [stderr]    Compiling env_logger v0.7.1
[INFO] [stderr]    Compiling cexpr v0.4.0
[INFO] [stderr]    Compiling bindgen v0.53.3
[INFO] [stderr]    Compiling quest-rs v0.2.8 (/opt/rustwide/workdir)
[INFO] [stderr] error: failed to run custom build command for `quest-rs v0.2.8 (/opt/rustwide/workdir)`
[INFO] [stderr] 
[INFO] [stderr] Caused by:
[INFO] [stderr]   process didn't exit successfully: `/opt/rustwide/target/debug/build/quest-rs-0b09028a501a8434/build-script-build` (exit code: 101)
[INFO] [stderr]   --- stdout
[INFO] [stderr]   running: "cmake" "/opt/rustwide/workdir/QuEST" "-DCMAKE_INSTALL_PREFIX=/opt/rustwide/target/debug/build/quest-rs-ac03097f3e0d50f2/out" "-DCMAKE_C_FLAGS= -ffunction-sections -fdata-sections -fPIC -m64" "-DCMAKE_C_COMPILER=/usr/bin/cc" "-DCMAKE_CXX_FLAGS= -ffunction-sections -fdata-sections -fPIC -m64" "-DCMAKE_CXX_COMPILER=/usr/bin/c++" "-DCMAKE_ASM_FLAGS= -ffunction-sections -fdata-sections -fPIC -m64" "-DCMAKE_ASM_COMPILER=/usr/bin/cc" "-DCMAKE_BUILD_TYPE=Debug"
[INFO] [stderr]   -- CMake version: 3.16.3
[INFO] [stderr]   -- CMake build type: Debug
[INFO] [stderr]   -- The C compiler identification is GNU 9.3.0
[INFO] [stderr]   -- The CXX compiler identification is GNU 9.3.0
[INFO] [stderr]   -- Check for working C compiler: /usr/bin/cc
[INFO] [stderr]   -- Check for working C compiler: /usr/bin/cc -- works
[INFO] [stderr]   -- Detecting C compiler ABI info
[INFO] [stderr]   -- Detecting C compiler ABI info - done
[INFO] [stderr]   -- Detecting C compile features
[INFO] [stderr]   -- Detecting C compile features - done
[INFO] [stderr]   -- Check for working CXX compiler: /usr/bin/c++
[INFO] [stderr]   -- Check for working CXX compiler: /usr/bin/c++ -- works
[INFO] [stderr]   -- Detecting CXX compiler ABI info
[INFO] [stderr]   -- Detecting CXX compiler ABI info - done
[INFO] [stderr]   -- Detecting CXX compile features
[INFO] [stderr]   -- Detecting CXX compile features - done
[INFO] [stderr]   -- Precision is 2
[INFO] [stderr]   -- GPU acceleration is OFF
[INFO] [stderr]   -- OMP acceleration is ON
[INFO] [stderr]   -- MPI distribution is OFF
[INFO] [stderr]   -- Found OpenMP_C: -fopenmp (found version "4.5") 
[INFO] [stderr]   -- Found OpenMP_CXX: -fopenmp (found version "4.5") 
[INFO] [stderr]   -- Found OpenMP: TRUE (found version "4.5")  
[INFO] [stderr]   -- Compiling examples/tutorial_example.c to executable demo
[INFO] [stderr]   -- Configuring done
[INFO] [stderr]   -- Generating done
[INFO] [stderr]   -- Build files have been written to: /opt/rustwide/target/debug/build/quest-rs-ac03097f3e0d50f2/out/build
[INFO] [stderr]   running: "cmake" "--build" "." "--config" "Debug" "--"
[INFO] [stderr]   Scanning dependencies of target QuEST
[INFO] [stderr]   [ 10%] Building C object QuEST/CMakeFiles/QuEST.dir/src/QuEST.c.o
[INFO] [stderr]   [ 20%] Building C object QuEST/CMakeFiles/QuEST.dir/src/QuEST_qasm.c.o
[INFO] [stderr]   [ 30%] Building C object QuEST/CMakeFiles/QuEST.dir/src/QuEST_validation.c.o
[INFO] [stderr]   [ 40%] Building C object QuEST/CMakeFiles/QuEST.dir/src/QuEST_common.c.o
[INFO] [stderr]   [ 50%] Building C object QuEST/CMakeFiles/QuEST.dir/src/mt19937ar.c.o
[INFO] [stderr]   [ 60%] Building C object QuEST/CMakeFiles/QuEST.dir/src/CPU/QuEST_cpu.c.o
[INFO] [stderr]   [ 70%] Building C object QuEST/CMakeFiles/QuEST.dir/src/CPU/QuEST_cpu_local.c.o
[INFO] [stderr] 
[INFO] [stderr]   --- stderr
[INFO] [stderr]   CMake Warning:
[INFO] [stderr]     Manually-specified variables were not used by the project:
[INFO] [stderr] 
[INFO] [stderr]       CMAKE_ASM_COMPILER
[INFO] [stderr]       CMAKE_ASM_FLAGS
[INFO] [stderr] 
[INFO] [stderr] 
[INFO] [stderr]   /opt/rustwide/workdir/QuEST/QuEST/src/CPU/QuEST_cpu.c: In function 'densmatr_oneQubitDegradeOffDiagonal':
[INFO] [stderr]   /opt/rustwide/workdir/QuEST/QuEST/src/CPU/QuEST_cpu.c:65:10: error: 'numTasks' not specified in enclosing 'parallel'
[INFO] [stderr]      65 | # pragma omp for schedule (static)
[INFO] [stderr]         |          ^~~
[INFO] [stderr]   /opt/rustwide/workdir/QuEST/QuEST/src/CPU/QuEST_cpu.c:58:10: error: enclosing 'parallel'
[INFO] [stderr]      58 | # pragma omp parallel \
[INFO] [stderr]         |          ^~~
[INFO] [stderr]   /opt/rustwide/workdir/QuEST/QuEST/src/CPU/QuEST_cpu.c: In function 'densmatr_mixTwoQubitDephasing':
[INFO] [stderr]   /opt/rustwide/workdir/QuEST/QuEST/src/CPU/QuEST_cpu.c:107:10: error: 'numTasks' not specified in enclosing 'parallel'
[INFO] [stderr]     107 | # pragma omp for schedule (static)
[INFO] [stderr]         |          ^~~
[INFO] [stderr]   /opt/rustwide/workdir/QuEST/QuEST/src/CPU/QuEST_cpu.c:99:10: error: enclosing 'parallel'
[INFO] [stderr]      99 | # pragma omp parallel \
[INFO] [stderr]         |          ^~~
[INFO] [stderr]   /opt/rustwide/workdir/QuEST/QuEST/src/CPU/QuEST_cpu.c: In function 'densmatr_mixDepolarisingLocal':
[INFO] [stderr]   /opt/rustwide/workdir/QuEST/QuEST/src/CPU/QuEST_cpu.c:147:10: error: 'numTasks' not specified in enclosing 'parallel'
[INFO] [stderr]     147 | # pragma omp for schedule (static)
[INFO] [stderr]         |          ^~~
[INFO] [stderr]   /opt/rustwide/workdir/QuEST/QuEST/src/CPU/QuEST_cpu.c:140:10: error: enclosing 'parallel'
[INFO] [stderr]     140 | # pragma omp parallel \
[INFO] [stderr]         |          ^~~
[INFO] [stderr]   /opt/rustwide/workdir/QuEST/QuEST/src/CPU/QuEST_cpu.c: In function 'densmatr_mixDampingLocal':
[INFO] [stderr]   /opt/rustwide/workdir/QuEST/QuEST/src/CPU/QuEST_cpu.c:197:10: error: 'numTasks' not specified in enclosing 'parallel'
[INFO] [stderr]     197 | # pragma omp for schedule (static)
[INFO] [stderr]         |          ^~~
[INFO] [stderr]   /opt/rustwide/workdir/QuEST/QuEST/src/CPU/QuEST_cpu.c:190:10: error: enclosing 'parallel'
[INFO] [stderr]     190 | # pragma omp parallel \
[INFO] [stderr]         |          ^~~
[INFO] [stderr]   /opt/rustwide/workdir/QuEST/QuEST/src/CPU/QuEST_cpu.c: In function 'densmatr_mixDepolarisingDistributed':
[INFO] [stderr]   /opt/rustwide/workdir/QuEST/QuEST/src/CPU/QuEST_cpu.c:259:10: error: 'numTasks' not specified in enclosing 'parallel'
[INFO] [stderr]     259 | # pragma omp for schedule (static)
[INFO] [stderr]         |          ^~~
[INFO] [stderr]   /opt/rustwide/workdir/QuEST/QuEST/src/CPU/QuEST_cpu.c:251:10: error: enclosing 'parallel'
[INFO] [stderr]     251 | # pragma omp parallel \
[INFO] [stderr]         |          ^~~
[INFO] [stderr]   /opt/rustwide/workdir/QuEST/QuEST/src/CPU/QuEST_cpu.c:277:24: error: 'targetQubit' not specified in enclosing 'parallel'
[INFO] [stderr]     277 |             outerBit = extractBit(targetQubit, (thisIndex+qureg.numAmpsPerChunk*qureg.chunkId)>>qureg.numQubitsRepresented);
[INFO] [stderr]         |                        ^~~~~~~~~~~~~~~~~~~~~~~~~~~~~~~~~~~~~~~~~~~~~~~~~~~~~~~~~~~~~~~~~~~~~~~~~~~~~~~~~~~~~~~~~~~~~~~~~~~~
[INFO] [stderr]   /opt/rustwide/workdir/QuEST/QuEST/src/CPU/QuEST_cpu.c:251:10: error: enclosing 'parallel'
[INFO] [stderr]     251 | # pragma omp parallel \
[INFO] [stderr]         |          ^~~
[INFO] [stderr]   /opt/rustwide/workdir/QuEST/QuEST/src/CPU/QuEST_cpu.c: In function 'densmatr_mixDampingDistributed':
[INFO] [stderr]   /opt/rustwide/workdir/QuEST/QuEST/src/CPU/QuEST_cpu.c:336:10: error: 'numTasks' not specified in enclosing 'parallel'
[INFO] [stderr]     336 | # pragma omp for schedule (static)
[INFO] [stderr]         |          ^~~
[INFO] [stderr]   /opt/rustwide/workdir/QuEST/QuEST/src/CPU/QuEST_cpu.c:328:10: error: enclosing 'parallel'
[INFO] [stderr]     328 | # pragma omp parallel \
[INFO] [stderr]         |          ^~~
[INFO] [stderr]   /opt/rustwide/workdir/QuEST/QuEST/src/CPU/QuEST_cpu.c:354:24: error: 'targetQubit' not specified in enclosing 'parallel'
[INFO] [stderr]     354 |             outerBit = extractBit(targetQubit, (thisIndex+qureg.numAmpsPerChunk*qureg.chunkId)>>qureg.numQubitsRepresented);
[INFO] [stderr]         |                        ^~~~~~~~~~~~~~~~~~~~~~~~~~~~~~~~~~~~~~~~~~~~~~~~~~~~~~~~~~~~~~~~~~~~~~~~~~~~~~~~~~~~~~~~~~~~~~~~~~~~
[INFO] [stderr]   /opt/rustwide/workdir/QuEST/QuEST/src/CPU/QuEST_cpu.c:328:10: error: enclosing 'parallel'
[INFO] [stderr]     328 | # pragma omp parallel \
[INFO] [stderr]         |          ^~~
[INFO] [stderr]   /opt/rustwide/workdir/QuEST/QuEST/src/CPU/QuEST_cpu.c: In function 'densmatr_mixTwoQubitDepolarisingLocal':
[INFO] [stderr]   /opt/rustwide/workdir/QuEST/QuEST/src/CPU/QuEST_cpu.c:409:10: error: 'numTasks' not specified in enclosing 'parallel'
[INFO] [stderr]     409 | # pragma omp for schedule (static)
[INFO] [stderr]         |          ^~~
[INFO] [stderr]   /opt/rustwide/workdir/QuEST/QuEST/src/CPU/QuEST_cpu.c:401:10: error: enclosing 'parallel'
[INFO] [stderr]     401 | # pragma omp parallel \
[INFO] [stderr]         |          ^~~
[INFO] [stderr]   /opt/rustwide/workdir/QuEST/QuEST/src/CPU/QuEST_cpu.c: In function 'densmatr_mixTwoQubitDepolarisingLocalPart1':
[INFO] [stderr]   /opt/rustwide/workdir/QuEST/QuEST/src/CPU/QuEST_cpu.c:514:10: error: 'numTasks' not specified in enclosing 'parallel'
[INFO] [stderr]     514 | # pragma omp for schedule (static)
[INFO] [stderr]         |          ^~~
[INFO] [stderr]   /opt/rustwide/workdir/QuEST/QuEST/src/CPU/QuEST_cpu.c:506:10: error: enclosing 'parallel'
[INFO] [stderr]     506 | # pragma omp parallel \
[INFO] [stderr]         |          ^~~
[INFO] [stderr]   /opt/rustwide/workdir/QuEST/QuEST/src/CPU/QuEST_cpu.c: In function 'densmatr_mixTwoQubitDepolarisingDistributed':
[INFO] [stderr]   /opt/rustwide/workdir/QuEST/QuEST/src/CPU/QuEST_cpu.c:578:10: error: 'numTasks' not specified in enclosing 'parallel'
[INFO] [stderr]     578 | # pragma omp for schedule (static)
[INFO] [stderr]         |          ^~~
[INFO] [stderr]   /opt/rustwide/workdir/QuEST/QuEST/src/CPU/QuEST_cpu.c:568:10: error: enclosing 'parallel'
[INFO] [stderr]     568 | # pragma omp parallel \
[INFO] [stderr]         |          ^~~
[INFO] [stderr]   /opt/rustwide/workdir/QuEST/QuEST/src/CPU/QuEST_cpu.c:603:26: error: 'targetQubit' not specified in enclosing 'parallel'
[INFO] [stderr]     603 |             outerBitQ1 = extractBit(targetQubit, (thisIndex+qureg.numAmpsPerChunk*qureg.chunkId)>>qureg.numQubitsRepresented);
[INFO] [stderr]         |                          ^~~~~~~~~~~~~~~~~~~~~~~~~~~~~~~~~~~~~~~~~~~~~~~~~~~~~~~~~~~~~~~~~~~~~~~~~~~~~~~~~~~~~~~~~~~~~~~~~~~~
[INFO] [stderr]   /opt/rustwide/workdir/QuEST/QuEST/src/CPU/QuEST_cpu.c:568:10: error: enclosing 'parallel'
[INFO] [stderr]     568 | # pragma omp parallel \
[INFO] [stderr]         |          ^~~
[INFO] [stderr]   /opt/rustwide/workdir/QuEST/QuEST/src/CPU/QuEST_cpu.c:609:26: error: 'qubit2' not specified in enclosing 'parallel'
[INFO] [stderr]     609 |             outerBitQ2 = extractBit(qubit2, (thisIndex+qureg.numAmpsPerChunk*qureg.chunkId)>>qureg.numQubitsRepresented);
[INFO] [stderr]         |                          ^~~~~~~~~~~~~~~~~~~~~~~~~~~~~~~~~~~~~~~~~~~~~~~~~~~~~~~~~~~~~~~~~~~~~~~~~~~~~~~~~~~~~~~~~~~~~~~
[INFO] [stderr]   /opt/rustwide/workdir/QuEST/QuEST/src/CPU/QuEST_cpu.c:568:10: error: enclosing 'parallel'
[INFO] [stderr]     568 | # pragma omp parallel \
[INFO] [stderr]         |          ^~~
[INFO] [stderr]   /opt/rustwide/workdir/QuEST/QuEST/src/CPU/QuEST_cpu.c: In function 'densmatr_mixTwoQubitDepolarisingQ1LocalQ2DistributedPart3':
[INFO] [stderr]   /opt/rustwide/workdir/QuEST/QuEST/src/CPU/QuEST_cpu.c:671:10: error: 'numTasks' not specified in enclosing 'parallel'
[INFO] [stderr]     671 | # pragma omp for schedule (static)
[INFO] [stderr]         |          ^~~
[INFO] [stderr]   /opt/rustwide/workdir/QuEST/QuEST/src/CPU/QuEST_cpu.c:661:10: error: enclosing 'parallel'
[INFO] [stderr]     661 | # pragma omp parallel \
[INFO] [stderr]         |          ^~~
[INFO] [stderr]   /opt/rustwide/workdir/QuEST/QuEST/src/CPU/QuEST_cpu.c:697:26: error: 'targetQubit' not specified in enclosing 'parallel'
[INFO] [stderr]     697 |             outerBitQ1 = extractBit(targetQubit, (thisIndex+qureg.numAmpsPerChunk*qureg.chunkId)>>qureg.numQubitsRepresented);
[INFO] [stderr]         |                          ^~~~~~~~~~~~~~~~~~~~~~~~~~~~~~~~~~~~~~~~~~~~~~~~~~~~~~~~~~~~~~~~~~~~~~~~~~~~~~~~~~~~~~~~~~~~~~~~~~~~
[INFO] [stderr]   /opt/rustwide/workdir/QuEST/QuEST/src/CPU/QuEST_cpu.c:661:10: error: enclosing 'parallel'
[INFO] [stderr]     661 | # pragma omp parallel \
[INFO] [stderr]         |          ^~~
[INFO] [stderr]   /opt/rustwide/workdir/QuEST/QuEST/src/CPU/QuEST_cpu.c:708:26: error: 'qubit2' not specified in enclosing 'parallel'
[INFO] [stderr]     708 |             outerBitQ2 = extractBit(qubit2, (thisIndex+qureg.numAmpsPerChunk*qureg.chunkId)>>qureg.numQubitsRepresented);
[INFO] [stderr]         |                          ^~~~~~~~~~~~~~~~~~~~~~~~~~~~~~~~~~~~~~~~~~~~~~~~~~~~~~~~~~~~~~~~~~~~~~~~~~~~~~~~~~~~~~~~~~~~~~~
[INFO] [stderr]   /opt/rustwide/workdir/QuEST/QuEST/src/CPU/QuEST_cpu.c:661:10: error: enclosing 'parallel'
[INFO] [stderr]     661 | # pragma omp parallel \
[INFO] [stderr]         |          ^~~
[INFO] [stderr]   /opt/rustwide/workdir/QuEST/QuEST/src/CPU/QuEST_cpu.c: In function 'statevec_initStateOfSingleQubit':
[INFO] [stderr]   /opt/rustwide/workdir/QuEST/QuEST/src/CPU/QuEST_cpu.c:1541:52: error: 'chunkId' not specified in enclosing 'parallel'
[INFO] [stderr]    1541 |             bit = extractBit(qubitId, index+chunkId*chunkSize);
[INFO] [stderr]         |                                             ~~~~~~~^~~~~~~~~~
[INFO] [stderr]   /opt/rustwide/workdir/QuEST/QuEST/src/CPU/QuEST_cpu.c:1531:10: error: enclosing 'parallel'
[INFO] [stderr]    1531 | # pragma omp parallel \
[INFO] [stderr]         |          ^~~
[INFO] [stderr]   /opt/rustwide/workdir/QuEST/QuEST/src/CPU/QuEST_cpu.c: In function 'statevec_compactUnitaryLocal':
[INFO] [stderr]   /opt/rustwide/workdir/QuEST/QuEST/src/CPU/QuEST_cpu.c:1684:10: error: 'numTasks' not specified in enclosing 'parallel'
[INFO] [stderr]    1684 | # pragma omp for schedule (static)
[INFO] [stderr]         |          ^~~
[INFO] [stderr]   /opt/rustwide/workdir/QuEST/QuEST/src/CPU/QuEST_cpu.c:1677:10: error: enclosing 'parallel'
[INFO] [stderr]    1677 | # pragma omp parallel \
[INFO] [stderr]         |          ^~~
[INFO] [stderr]   /opt/rustwide/workdir/QuEST/QuEST/src/CPU/QuEST_cpu.c: In function 'statevec_multiControlledTwoQubitUnitaryLocal':
[INFO] [stderr]   /opt/rustwide/workdir/QuEST/QuEST/src/CPU/QuEST_cpu.c:1744:21: error: 'q2' not specified in enclosing 'parallel'
[INFO] [stderr]    1744 |             ind00 = insertTwoZeroBits(thisTask, q1, q2);
[INFO] [stderr]         |                     ^~~~~~~~~~~~~~~~~~~~~~~~~~~~~~~~~~~
[INFO] [stderr]   /opt/rustwide/workdir/QuEST/QuEST/src/CPU/QuEST_cpu.c:1732:10: error: enclosing 'parallel'
[INFO] [stderr]    1732 | # pragma omp parallel \
[INFO] [stderr]         |          ^~~
[INFO] [stderr]   /opt/rustwide/workdir/QuEST/QuEST/src/CPU/QuEST_cpu.c:1744:21: error: 'q1' not specified in enclosing 'parallel'
[INFO] [stderr]    1744 |             ind00 = insertTwoZeroBits(thisTask, q1, q2);
[INFO] [stderr]         |                     ^~~~~~~~~~~~~~~~~~~~~~~~~~~~~~~~~~~
[INFO] [stderr]   /opt/rustwide/workdir/QuEST/QuEST/src/CPU/QuEST_cpu.c:1732:10: error: enclosing 'parallel'
[INFO] [stderr]    1732 | # pragma omp parallel \
[INFO] [stderr]         |          ^~~
[INFO] [stderr]   /opt/rustwide/workdir/QuEST/QuEST/src/CPU/QuEST_cpu.c: In function 'statevec_multiControlledMultiQubitUnitaryLocal':
[INFO] [stderr]   /opt/rustwide/workdir/QuEST/QuEST/src/CPU/QuEST_cpu.c:1860:25: error: 'numTargs' not specified in enclosing 'parallel'
[INFO] [stderr]    1860 |             for (t=0; t < numTargs; t++)
[INFO] [stderr]         |                       ~~^~~~~~~~~~
[INFO] [stderr]   /opt/rustwide/workdir/QuEST/QuEST/src/CPU/QuEST_cpu.c:1847:10: error: enclosing 'parallel'
[INFO] [stderr]    1847 | # pragma omp parallel \
[INFO] [stderr]         |          ^~~
[INFO] [stderr]   /opt/rustwide/workdir/QuEST/QuEST/src/CPU/QuEST_cpu.c: In function 'statevec_unitaryLocal':
[INFO] [stderr]   /opt/rustwide/workdir/QuEST/QuEST/src/CPU/QuEST_cpu.c:1926:10: error: 'numTasks' not specified in enclosing 'parallel'
[INFO] [stderr]    1926 | # pragma omp for schedule (static)
[INFO] [stderr]         |          ^~~
[INFO] [stderr]   /opt/rustwide/workdir/QuEST/QuEST/src/CPU/QuEST_cpu.c:1919:10: error: enclosing 'parallel'
[INFO] [stderr]    1919 | # pragma omp parallel \
[INFO] [stderr]         |          ^~~
[INFO] [stderr]   /opt/rustwide/workdir/QuEST/QuEST/src/CPU/QuEST_cpu.c: In function 'statevec_compactUnitaryDistributed':
[INFO] [stderr]   /opt/rustwide/workdir/QuEST/QuEST/src/CPU/QuEST_cpu.c:1995:10: error: 'numTasks' not specified in enclosing 'parallel'
[INFO] [stderr]    1995 | # pragma omp for schedule (static)
[INFO] [stderr]         |          ^~~
[INFO] [stderr]   /opt/rustwide/workdir/QuEST/QuEST/src/CPU/QuEST_cpu.c:1987:10: error: enclosing 'parallel'
[INFO] [stderr]    1987 | # pragma omp parallel \
[INFO] [stderr]         |          ^~~
[INFO] [stderr]   /opt/rustwide/workdir/QuEST/QuEST/src/CPU/QuEST_cpu.c: In function 'statevec_unitaryDistributed':
[INFO] [stderr]   /opt/rustwide/workdir/QuEST/QuEST/src/CPU/QuEST_cpu.c:2051:10: error: 'numTasks' not specified in enclosing 'parallel'
[INFO] [stderr]    2051 | # pragma omp for schedule (static)
[INFO] [stderr]         |          ^~~
[INFO] [stderr]   /opt/rustwide/workdir/QuEST/QuEST/src/CPU/QuEST_cpu.c:2043:10: error: enclosing 'parallel'
[INFO] [stderr]    2043 | # pragma omp parallel \
[INFO] [stderr]         |          ^~~
[INFO] [stderr]   /opt/rustwide/workdir/QuEST/QuEST/src/CPU/QuEST_cpu.c: In function 'statevec_controlledCompactUnitaryLocal':
[INFO] [stderr]   /opt/rustwide/workdir/QuEST/QuEST/src/CPU/QuEST_cpu.c:2102:10: error: 'numTasks' not specified in enclosing 'parallel'
[INFO] [stderr]    2102 | # pragma omp for schedule (static)
[INFO] [stderr]         |          ^~~
[INFO] [stderr]   /opt/rustwide/workdir/QuEST/QuEST/src/CPU/QuEST_cpu.c:2095:10: error: enclosing 'parallel'
[INFO] [stderr]    2095 | # pragma omp parallel \
[INFO] [stderr]         |          ^~~
[INFO] [stderr]   /opt/rustwide/workdir/QuEST/QuEST/src/CPU/QuEST_cpu.c:2110:67: error: 'chunkId' not specified in enclosing 'parallel'
[INFO] [stderr]    2110 |             controlBit = extractBit (controlQubit, indexUp+chunkId*chunkSize);
[INFO] [stderr]         |                                                            ~~~~~~~^~~~~~~~~~
[INFO] [stderr]   /opt/rustwide/workdir/QuEST/QuEST/src/CPU/QuEST_cpu.c:2095:10: error: enclosing 'parallel'
[INFO] [stderr]    2095 | # pragma omp parallel \
[INFO] [stderr]         |          ^~~
[INFO] [stderr]   /opt/rustwide/workdir/QuEST/QuEST/src/CPU/QuEST_cpu.c:2110:67: error: 'chunkSize' not specified in enclosing 'parallel'
[INFO] [stderr]    2110 |             controlBit = extractBit (controlQubit, indexUp+chunkId*chunkSize);
[INFO] [stderr]         |                                                            ~~~~~~~^~~~~~~~~~
[INFO] [stderr]   /opt/rustwide/workdir/QuEST/QuEST/src/CPU/QuEST_cpu.c:2095:10: error: enclosing 'parallel'
[INFO] [stderr]    2095 | # pragma omp parallel \
[INFO] [stderr]         |          ^~~
[INFO] [stderr]   /opt/rustwide/workdir/QuEST/QuEST/src/CPU/QuEST_cpu.c:2110:26: error: 'controlQubit' not specified in enclosing 'parallel'
[INFO] [stderr]    2110 |             controlBit = extractBit (controlQubit, indexUp+chunkId*chunkSize);
[INFO] [stderr]         |                          ^~~~~~~~~~~~~~~~~~~~~~~~~~~~~~~~~~~~~~~~~~~~~~~~~~~~
[INFO] [stderr]   /opt/rustwide/workdir/QuEST/QuEST/src/CPU/QuEST_cpu.c:2095:10: error: enclosing 'parallel'
[INFO] [stderr]    2095 | # pragma omp parallel \
[INFO] [stderr]         |          ^~~
[INFO] [stderr]   /opt/rustwide/workdir/QuEST/QuEST/src/CPU/QuEST_cpu.c: In function 'statevec_multiControlledUnitaryLocal':
[INFO] [stderr]   /opt/rustwide/workdir/QuEST/QuEST/src/CPU/QuEST_cpu.c:2171:10: error: 'numTasks' not specified in enclosing 'parallel'
[INFO] [stderr]    2171 | # pragma omp for schedule (static)
[INFO] [stderr]         |          ^~~
[INFO] [stderr]   /opt/rustwide/workdir/QuEST/QuEST/src/CPU/QuEST_cpu.c:2164:10: error: enclosing 'parallel'
[INFO] [stderr]    2164 | # pragma omp parallel \
[INFO] [stderr]         |          ^~~
[INFO] [stderr]   /opt/rustwide/workdir/QuEST/QuEST/src/CPU/QuEST_cpu.c:2182:70: error: 'chunkId' not specified in enclosing 'parallel'
[INFO] [stderr]    2182 |             if (ctrlQubitsMask == (ctrlQubitsMask & ((indexUp+chunkId*chunkSize) ^ ctrlFlipMask))) {
[INFO] [stderr]         |                                                               ~~~~~~~^~~~~~~~~~
[INFO] [stderr]   /opt/rustwide/workdir/QuEST/QuEST/src/CPU/QuEST_cpu.c:2164:10: error: enclosing 'parallel'
[INFO] [stderr]    2164 | # pragma omp parallel \
[INFO] [stderr]         |          ^~~
[INFO] [stderr]   /opt/rustwide/workdir/QuEST/QuEST/src/CPU/QuEST_cpu.c:2182:70: error: 'chunkSize' not specified in enclosing 'parallel'
[INFO] [stderr]    2182 |             if (ctrlQubitsMask == (ctrlQubitsMask & ((indexUp+chunkId*chunkSize) ^ ctrlFlipMask))) {
[INFO] [stderr]         |                                                               ~~~~~~~^~~~~~~~~~
[INFO] [stderr]   /opt/rustwide/workdir/QuEST/QuEST/src/CPU/QuEST_cpu.c:2164:10: error: enclosing 'parallel'
[INFO] [stderr]    2164 | # pragma omp parallel \
[INFO] [stderr]         |          ^~~
[INFO] [stderr]   /opt/rustwide/workdir/QuEST/QuEST/src/CPU/QuEST_cpu.c: In function 'statevec_controlledUnitaryLocal':
[INFO] [stderr]   /opt/rustwide/workdir/QuEST/QuEST/src/CPU/QuEST_cpu.c:2238:10: error: 'numTasks' not specified in enclosing 'parallel'
[INFO] [stderr]    2238 | # pragma omp for schedule (static)
[INFO] [stderr]         |          ^~~
[INFO] [stderr]   /opt/rustwide/workdir/QuEST/QuEST/src/CPU/QuEST_cpu.c:2231:10: error: enclosing 'parallel'
[INFO] [stderr]    2231 | # pragma omp parallel \
[INFO] [stderr]         |          ^~~
[INFO] [stderr]   /opt/rustwide/workdir/QuEST/QuEST/src/CPU/QuEST_cpu.c:2246:67: error: 'chunkId' not specified in enclosing 'parallel'
[INFO] [stderr]    2246 |             controlBit = extractBit (controlQubit, indexUp+chunkId*chunkSize);
[INFO] [stderr]         |                                                            ~~~~~~~^~~~~~~~~~
[INFO] [stderr]   /opt/rustwide/workdir/QuEST/QuEST/src/CPU/QuEST_cpu.c:2231:10: error: enclosing 'parallel'
[INFO] [stderr]    2231 | # pragma omp parallel \
[INFO] [stderr]         |          ^~~
[INFO] [stderr]   /opt/rustwide/workdir/QuEST/QuEST/src/CPU/QuEST_cpu.c:2246:67: error: 'chunkSize' not specified in enclosing 'parallel'
[INFO] [stderr]    2246 |             controlBit = extractBit (controlQubit, indexUp+chunkId*chunkSize);
[INFO] [stderr]         |                                                            ~~~~~~~^~~~~~~~~~
[INFO] [stderr]   /opt/rustwide/workdir/QuEST/QuEST/src/CPU/QuEST_cpu.c:2231:10: error: enclosing 'parallel'
[INFO] [stderr]    2231 | # pragma omp parallel \
[INFO] [stderr]         |          ^~~
[INFO] [stderr]   /opt/rustwide/workdir/QuEST/QuEST/src/CPU/QuEST_cpu.c:2246:26: error: 'controlQubit' not specified in enclosing 'parallel'
[INFO] [stderr]    2246 |             controlBit = extractBit (controlQubit, indexUp+chunkId*chunkSize);
[INFO] [stderr]         |                          ^~~~~~~~~~~~~~~~~~~~~~~~~~~~~~~~~~~~~~~~~~~~~~~~~~~~
[INFO] [stderr]   /opt/rustwide/workdir/QuEST/QuEST/src/CPU/QuEST_cpu.c:2231:10: error: enclosing 'parallel'
[INFO] [stderr]    2231 | # pragma omp parallel \
[INFO] [stderr]         |          ^~~
[INFO] [stderr]   /opt/rustwide/workdir/QuEST/QuEST/src/CPU/QuEST_cpu.c: In function 'statevec_controlledCompactUnitaryDistributed':
[INFO] [stderr]   /opt/rustwide/workdir/QuEST/QuEST/src/CPU/QuEST_cpu.c:2315:10: error: 'numTasks' not specified in enclosing 'parallel'
[INFO] [stderr]    2315 | # pragma omp for schedule (static)
[INFO] [stderr]         |          ^~~
[INFO] [stderr]   /opt/rustwide/workdir/QuEST/QuEST/src/CPU/QuEST_cpu.c:2307:10: error: enclosing 'parallel'
[INFO] [stderr]    2307 | # pragma omp parallel \
[INFO] [stderr]         |          ^~~
[INFO] [stderr]   /opt/rustwide/workdir/QuEST/QuEST/src/CPU/QuEST_cpu.c:2318:68: error: 'chunkId' not specified in enclosing 'parallel'
[INFO] [stderr]    2318 |             controlBit = extractBit (controlQubit, thisTask+chunkId*chunkSize);
[INFO] [stderr]         |                                                             ~~~~~~~^~~~~~~~~~
[INFO] [stderr]   /opt/rustwide/workdir/QuEST/QuEST/src/CPU/QuEST_cpu.c:2307:10: error: enclosing 'parallel'
[INFO] [stderr]    2307 | # pragma omp parallel \
[INFO] [stderr]         |          ^~~
[INFO] [stderr]   /opt/rustwide/workdir/QuEST/QuEST/src/CPU/QuEST_cpu.c:2318:68: error: 'chunkSize' not specified in enclosing 'parallel'
[INFO] [stderr]    2318 |             controlBit = extractBit (controlQubit, thisTask+chunkId*chunkSize);
[INFO] [stderr]         |                                                             ~~~~~~~^~~~~~~~~~
[INFO] [stderr]   /opt/rustwide/workdir/QuEST/QuEST/src/CPU/QuEST_cpu.c:2307:10: error: enclosing 'parallel'
[INFO] [stderr]    2307 | # pragma omp parallel \
[INFO] [stderr]         |          ^~~
[INFO] [stderr]   /opt/rustwide/workdir/QuEST/QuEST/src/CPU/QuEST_cpu.c:2318:26: error: 'controlQubit' not specified in enclosing 'parallel'
[INFO] [stderr]    2318 |             controlBit = extractBit (controlQubit, thisTask+chunkId*chunkSize);
[INFO] [stderr]         |                          ^~~~~~~~~~~~~~~~~~~~~~~~~~~~~~~~~~~~~~~~~~~~~~~~~~~~~
[INFO] [stderr]   /opt/rustwide/workdir/QuEST/QuEST/src/CPU/QuEST_cpu.c:2307:10: error: enclosing 'parallel'
[INFO] [stderr]    2307 | # pragma omp parallel \
[INFO] [stderr]         |          ^~~
[INFO] [stderr]   /opt/rustwide/workdir/QuEST/QuEST/src/CPU/QuEST_cpu.c: In function 'statevec_controlledUnitaryDistributed':
[INFO] [stderr]   /opt/rustwide/workdir/QuEST/QuEST/src/CPU/QuEST_cpu.c:2377:10: error: 'numTasks' not specified in enclosing 'parallel'
[INFO] [stderr]    2377 | # pragma omp for schedule (static)
[INFO] [stderr]         |          ^~~
[INFO] [stderr]   /opt/rustwide/workdir/QuEST/QuEST/src/CPU/QuEST_cpu.c:2369:10: error: enclosing 'parallel'
[INFO] [stderr]    2369 | # pragma omp parallel \
[INFO] [stderr]         |          ^~~
[INFO] [stderr]   /opt/rustwide/workdir/QuEST/QuEST/src/CPU/QuEST_cpu.c:2380:68: error: 'chunkId' not specified in enclosing 'parallel'
[INFO] [stderr]    2380 |             controlBit = extractBit (controlQubit, thisTask+chunkId*chunkSize);
[INFO] [stderr]         |                                                             ~~~~~~~^~~~~~~~~~
[INFO] [stderr]   /opt/rustwide/workdir/QuEST/QuEST/src/CPU/QuEST_cpu.c:2369:10: error: enclosing 'parallel'
[INFO] [stderr]    2369 | # pragma omp parallel \
[INFO] [stderr]         |          ^~~
[INFO] [stderr]   /opt/rustwide/workdir/QuEST/QuEST/src/CPU/QuEST_cpu.c:2380:68: error: 'chunkSize' not specified in enclosing 'parallel'
[INFO] [stderr]    2380 |             controlBit = extractBit (controlQubit, thisTask+chunkId*chunkSize);
[INFO] [stderr]         |                                                             ~~~~~~~^~~~~~~~~~
[INFO] [stderr]   /opt/rustwide/workdir/QuEST/QuEST/src/CPU/QuEST_cpu.c:2369:10: error: enclosing 'parallel'
[INFO] [stderr]    2369 | # pragma omp parallel \
[INFO] [stderr]         |          ^~~
[INFO] [stderr]   /opt/rustwide/workdir/QuEST/QuEST/src/CPU/QuEST_cpu.c:2380:26: error: 'controlQubit' not specified in enclosing 'parallel'
[INFO] [stderr]    2380 |             controlBit = extractBit (controlQubit, thisTask+chunkId*chunkSize);
[INFO] [stderr]         |                          ^~~~~~~~~~~~~~~~~~~~~~~~~~~~~~~~~~~~~~~~~~~~~~~~~~~~~
[INFO] [stderr]   /opt/rustwide/workdir/QuEST/QuEST/src/CPU/QuEST_cpu.c:2369:10: error: enclosing 'parallel'
[INFO] [stderr]    2369 | # pragma omp parallel \
[INFO] [stderr]         |          ^~~
[INFO] [stderr]   /opt/rustwide/workdir/QuEST/QuEST/src/CPU/QuEST_cpu.c: In function 'statevec_multiControlledUnitaryDistributed':
[INFO] [stderr]   /opt/rustwide/workdir/QuEST/QuEST/src/CPU/QuEST_cpu.c:2444:10: error: 'numTasks' not specified in enclosing 'parallel'
[INFO] [stderr]    2444 | # pragma omp for schedule (static)
[INFO] [stderr]         |          ^~~
[INFO] [stderr]   /opt/rustwide/workdir/QuEST/QuEST/src/CPU/QuEST_cpu.c:2436:10: error: enclosing 'parallel'
[INFO] [stderr]    2436 | # pragma omp parallel \
[INFO] [stderr]         |          ^~~
[INFO] [stderr]   /opt/rustwide/workdir/QuEST/QuEST/src/CPU/QuEST_cpu.c:2447:71: error: 'chunkId' not specified in enclosing 'parallel'
[INFO] [stderr]    2447 |             if (ctrlQubitsMask == (ctrlQubitsMask & ((thisTask+chunkId*chunkSize) ^ ctrlFlipMask))) {
[INFO] [stderr]         |                                                                ~~~~~~~^~~~~~~~~~
[INFO] [stderr]   /opt/rustwide/workdir/QuEST/QuEST/src/CPU/QuEST_cpu.c:2436:10: error: enclosing 'parallel'
[INFO] [stderr]    2436 | # pragma omp parallel \
[INFO] [stderr]         |          ^~~
[INFO] [stderr]   /opt/rustwide/workdir/QuEST/QuEST/src/CPU/QuEST_cpu.c:2447:71: error: 'chunkSize' not specified in enclosing 'parallel'
[INFO] [stderr]    2447 |             if (ctrlQubitsMask == (ctrlQubitsMask & ((thisTask+chunkId*chunkSize) ^ ctrlFlipMask))) {
[INFO] [stderr]         |                                                                ~~~~~~~^~~~~~~~~~
[INFO] [stderr]   /opt/rustwide/workdir/QuEST/QuEST/src/CPU/QuEST_cpu.c:2436:10: error: enclosing 'parallel'
[INFO] [stderr]    2436 | # pragma omp parallel \
[INFO] [stderr]         |          ^~~
[INFO] [stderr]   /opt/rustwide/workdir/QuEST/QuEST/src/CPU/QuEST_cpu.c: In function 'statevec_pauliXLocal':
[INFO] [stderr]   /opt/rustwide/workdir/QuEST/QuEST/src/CPU/QuEST_cpu.c:2490:10: error: 'numTasks' not specified in enclosing 'parallel'
[INFO] [stderr]    2490 | # pragma omp for schedule (static)
[INFO] [stderr]         |          ^~~
[INFO] [stderr]   /opt/rustwide/workdir/QuEST/QuEST/src/CPU/QuEST_cpu.c:2483:10: error: enclosing 'parallel'
[INFO] [stderr]    2483 | # pragma omp parallel \
[INFO] [stderr]         |          ^~~
[INFO] [stderr]   /opt/rustwide/workdir/QuEST/QuEST/src/CPU/QuEST_cpu.c: In function 'statevec_pauliXDistributed':
[INFO] [stderr]   /opt/rustwide/workdir/QuEST/QuEST/src/CPU/QuEST_cpu.c:2541:10: error: 'numTasks' not specified in enclosing 'parallel'
[INFO] [stderr]    2541 | # pragma omp for schedule (static)
[INFO] [stderr]         |          ^~~
[INFO] [stderr]   /opt/rustwide/workdir/QuEST/QuEST/src/CPU/QuEST_cpu.c:2534:10: error: enclosing 'parallel'
[INFO] [stderr]    2534 | # pragma omp parallel \
[INFO] [stderr]         |          ^~~
[INFO] [stderr]   /opt/rustwide/workdir/QuEST/QuEST/src/CPU/QuEST_cpu.c: In function 'statevec_controlledNotLocal':
[INFO] [stderr]   /opt/rustwide/workdir/QuEST/QuEST/src/CPU/QuEST_cpu.c:2580:10: error: 'numTasks' not specified in enclosing 'parallel'
[INFO] [stderr]    2580 | # pragma omp for schedule (static)
[INFO] [stderr]         |          ^~~
[INFO] [stderr]   /opt/rustwide/workdir/QuEST/QuEST/src/CPU/QuEST_cpu.c:2573:10: error: enclosing 'parallel'
[INFO] [stderr]    2573 | # pragma omp parallel \
[INFO] [stderr]         |          ^~~
[INFO] [stderr]   /opt/rustwide/workdir/QuEST/QuEST/src/CPU/QuEST_cpu.c:2587:66: error: 'chunkId' not specified in enclosing 'parallel'
[INFO] [stderr]    2587 |             controlBit = extractBit(controlQubit, indexUp+chunkId*chunkSize);
[INFO] [stderr]         |                                                           ~~~~~~~^~~~~~~~~~
[INFO] [stderr]   /opt/rustwide/workdir/QuEST/QuEST/src/CPU/QuEST_cpu.c:2573:10: error: enclosing 'parallel'
[INFO] [stderr]    2573 | # pragma omp parallel \
[INFO] [stderr]         |          ^~~
[INFO] [stderr]   /opt/rustwide/workdir/QuEST/QuEST/src/CPU/QuEST_cpu.c:2587:66: error: 'chunkSize' not specified in enclosing 'parallel'
[INFO] [stderr]    2587 |             controlBit = extractBit(controlQubit, indexUp+chunkId*chunkSize);
[INFO] [stderr]         |                                                           ~~~~~~~^~~~~~~~~~
[INFO] [stderr]   /opt/rustwide/workdir/QuEST/QuEST/src/CPU/QuEST_cpu.c:2573:10: error: enclosing 'parallel'
[INFO] [stderr]    2573 | # pragma omp parallel \
[INFO] [stderr]         |          ^~~
[INFO] [stderr]   /opt/rustwide/workdir/QuEST/QuEST/src/CPU/QuEST_cpu.c:2587:26: error: 'controlQubit' not specified in enclosing 'parallel'
[INFO] [stderr]    2587 |             controlBit = extractBit(controlQubit, indexUp+chunkId*chunkSize);
[INFO] [stderr]         |                          ^~~~~~~~~~~~~~~~~~~~~~~~~~~~~~~~~~~~~~~~~~~~~~~~~~~
[INFO] [stderr]   /opt/rustwide/workdir/QuEST/QuEST/src/CPU/QuEST_cpu.c:2573:10: error: enclosing 'parallel'
[INFO] [stderr]    2573 | # pragma omp parallel \
[INFO] [stderr]         |          ^~~
[INFO] [stderr]   /opt/rustwide/workdir/QuEST/QuEST/src/CPU/QuEST_cpu.c: In function 'statevec_controlledNotDistributed':
[INFO] [stderr]   /opt/rustwide/workdir/QuEST/QuEST/src/CPU/QuEST_cpu.c:2635:10: error: 'numTasks' not specified in enclosing 'parallel'
[INFO] [stderr]    2635 | # pragma omp for schedule (static)
[INFO] [stderr]         |          ^~~
[INFO] [stderr]   /opt/rustwide/workdir/QuEST/QuEST/src/CPU/QuEST_cpu.c:2628:10: error: enclosing 'parallel'
[INFO] [stderr]    2628 | # pragma omp parallel \
[INFO] [stderr]         |          ^~~
[INFO] [stderr]   /opt/rustwide/workdir/QuEST/QuEST/src/CPU/QuEST_cpu.c:2638:68: error: 'chunkId' not specified in enclosing 'parallel'
[INFO] [stderr]    2638 |             controlBit = extractBit (controlQubit, thisTask+chunkId*chunkSize);
[INFO] [stderr]         |                                                             ~~~~~~~^~~~~~~~~~
[INFO] [stderr]   /opt/rustwide/workdir/QuEST/QuEST/src/CPU/QuEST_cpu.c:2628:10: error: enclosing 'parallel'
[INFO] [stderr]    2628 | # pragma omp parallel \
[INFO] [stderr]         |          ^~~
[INFO] [stderr]   /opt/rustwide/workdir/QuEST/QuEST/src/CPU/QuEST_cpu.c:2638:68: error: 'chunkSize' not specified in enclosing 'parallel'
[INFO] [stderr]    2638 |             controlBit = extractBit (controlQubit, thisTask+chunkId*chunkSize);
[INFO] [stderr]         |                                                             ~~~~~~~^~~~~~~~~~
[INFO] [stderr]   /opt/rustwide/workdir/QuEST/QuEST/src/CPU/QuEST_cpu.c:2628:10: error: enclosing 'parallel'
[INFO] [stderr]    2628 | # pragma omp parallel \
[INFO] [stderr]         |          ^~~
[INFO] [stderr]   /opt/rustwide/workdir/QuEST/QuEST/src/CPU/QuEST_cpu.c:2638:26: error: 'controlQubit' not specified in enclosing 'parallel'
[INFO] [stderr]    2638 |             controlBit = extractBit (controlQubit, thisTask+chunkId*chunkSize);
[INFO] [stderr]         |                          ^~~~~~~~~~~~~~~~~~~~~~~~~~~~~~~~~~~~~~~~~~~~~~~~~~~~~
[INFO] [stderr]   /opt/rustwide/workdir/QuEST/QuEST/src/CPU/QuEST_cpu.c:2628:10: error: enclosing 'parallel'
[INFO] [stderr]    2628 | # pragma omp parallel \
[INFO] [stderr]         |          ^~~
[INFO] [stderr]   /opt/rustwide/workdir/QuEST/QuEST/src/CPU/QuEST_cpu.c: In function 'statevec_pauliYLocal':
[INFO] [stderr]   /opt/rustwide/workdir/QuEST/QuEST/src/CPU/QuEST_cpu.c:2673:10: error: 'numTasks' not specified in enclosing 'parallel'
[INFO] [stderr]    2673 | # pragma omp for schedule (static)
[INFO] [stderr]         |          ^~~
[INFO] [stderr]   /opt/rustwide/workdir/QuEST/QuEST/src/CPU/QuEST_cpu.c:2666:10: error: enclosing 'parallel'
[INFO] [stderr]    2666 | # pragma omp parallel \
[INFO] [stderr]         |          ^~~
[INFO] [stderr]   /opt/rustwide/workdir/QuEST/QuEST/src/CPU/QuEST_cpu.c:2683:45: error: 'conjFac' not specified in enclosing 'parallel'
[INFO] [stderr]    2683 |             stateVecReal[indexUp] = conjFac * stateVecImag[indexLo];
[INFO] [stderr]         |                                     ~~~~~~~~^~~~~~~~~~~~~~~~~~~~~~~
[INFO] [stderr]   /opt/rustwide/workdir/QuEST/QuEST/src/CPU/QuEST_cpu.c:2666:10: error: enclosing 'parallel'
[INFO] [stderr]    2666 | # pragma omp parallel \
[INFO] [stderr]         |          ^~~
[INFO] [stderr]   /opt/rustwide/workdir/QuEST/QuEST/src/CPU/QuEST_cpu.c: In function 'statevec_pauliYDistributed':
[INFO] [stderr]   /opt/rustwide/workdir/QuEST/QuEST/src/CPU/QuEST_cpu.c:2728:10: error: 'numTasks' not specified in enclosing 'parallel'
[INFO] [stderr]    2728 | # pragma omp for schedule (static)
[INFO] [stderr]         |          ^~~
[INFO] [stderr]   /opt/rustwide/workdir/QuEST/QuEST/src/CPU/QuEST_cpu.c:2721:10: error: enclosing 'parallel'
[INFO] [stderr]    2721 | # pragma omp parallel \
[INFO] [stderr]         |          ^~~
[INFO] [stderr]   /opt/rustwide/workdir/QuEST/QuEST/src/CPU/QuEST_cpu.c:2731:49: error: 'conjFac' not specified in enclosing 'parallel'
[INFO] [stderr]    2731 |             stateVecRealOut[thisTask] = conjFac * realSign * stateVecImagIn[thisTask];
[INFO] [stderr]         |                                         ~~~~~~~~^~~~~~~~~~
[INFO] [stderr]   /opt/rustwide/workdir/QuEST/QuEST/src/CPU/QuEST_cpu.c:2721:10: error: enclosing 'parallel'
[INFO] [stderr]    2721 | # pragma omp parallel \
[INFO] [stderr]         |          ^~~
[INFO] [stderr]   /opt/rustwide/workdir/QuEST/QuEST/src/CPU/QuEST_cpu.c: In function 'statevec_controlledPauliYLocal':
[INFO] [stderr]   /opt/rustwide/workdir/QuEST/QuEST/src/CPU/QuEST_cpu.c:2770:10: error: 'numTasks' not specified in enclosing 'parallel'
[INFO] [stderr]    2770 | # pragma omp for schedule (static)
[INFO] [stderr]         |          ^~~
[INFO] [stderr]   /opt/rustwide/workdir/QuEST/QuEST/src/CPU/QuEST_cpu.c:2763:10: error: enclosing 'parallel'
[INFO] [stderr]    2763 | # pragma omp parallel \
[INFO] [stderr]         |          ^~~
[INFO] [stderr]   /opt/rustwide/workdir/QuEST/QuEST/src/CPU/QuEST_cpu.c:2777:66: error: 'chunkId' not specified in enclosing 'parallel'
[INFO] [stderr]    2777 |             controlBit = extractBit(controlQubit, indexUp+chunkId*chunkSize);
[INFO] [stderr]         |                                                           ~~~~~~~^~~~~~~~~~
[INFO] [stderr]   /opt/rustwide/workdir/QuEST/QuEST/src/CPU/QuEST_cpu.c:2763:10: error: enclosing 'parallel'
[INFO] [stderr]    2763 | # pragma omp parallel \
[INFO] [stderr]         |          ^~~
[INFO] [stderr]   /opt/rustwide/workdir/QuEST/QuEST/src/CPU/QuEST_cpu.c:2777:66: error: 'chunkSize' not specified in enclosing 'parallel'
[INFO] [stderr]    2777 |             controlBit = extractBit(controlQubit, indexUp+chunkId*chunkSize);
[INFO] [stderr]         |                                                           ~~~~~~~^~~~~~~~~~
[INFO] [stderr]   /opt/rustwide/workdir/QuEST/QuEST/src/CPU/QuEST_cpu.c:2763:10: error: enclosing 'parallel'
[INFO] [stderr]    2763 | # pragma omp parallel \
[INFO] [stderr]         |          ^~~
[INFO] [stderr]   /opt/rustwide/workdir/QuEST/QuEST/src/CPU/QuEST_cpu.c:2777:26: error: 'controlQubit' not specified in enclosing 'parallel'
[INFO] [stderr]    2777 |             controlBit = extractBit(controlQubit, indexUp+chunkId*chunkSize);
[INFO] [stderr]         |                          ^~~~~~~~~~~~~~~~~~~~~~~~~~~~~~~~~~~~~~~~~~~~~~~~~~~
[INFO] [stderr]   /opt/rustwide/workdir/QuEST/QuEST/src/CPU/QuEST_cpu.c:2763:10: error: enclosing 'parallel'
[INFO] [stderr]    2763 | # pragma omp parallel \
[INFO] [stderr]         |          ^~~
[INFO] [stderr]   /opt/rustwide/workdir/QuEST/QuEST/src/CPU/QuEST_cpu.c:2783:49: error: 'conjFac' not specified in enclosing 'parallel'
[INFO] [stderr]    2783 |                 stateVecReal[indexUp] = conjFac * stateVecImag[indexLo];
[INFO] [stderr]         |                                         ~~~~~~~~^~~~~~~~~~~~~~~~~~~~~~~
[INFO] [stderr]   /opt/rustwide/workdir/QuEST/QuEST/src/CPU/QuEST_cpu.c:2763:10: error: enclosing 'parallel'
[INFO] [stderr]    2763 | # pragma omp parallel \
[INFO] [stderr]         |          ^~~
[INFO] [stderr]   /opt/rustwide/workdir/QuEST/QuEST/src/CPU/QuEST_cpu.c: In function 'statevec_controlledPauliYDistributed':
[INFO] [stderr]   /opt/rustwide/workdir/QuEST/QuEST/src/CPU/QuEST_cpu.c:2816:10: error: 'numTasks' not specified in enclosing 'parallel'
[INFO] [stderr]    2816 | # pragma omp for schedule (static)
[INFO] [stderr]         |          ^~~
[INFO] [stderr]   /opt/rustwide/workdir/QuEST/QuEST/src/CPU/QuEST_cpu.c:2809:10: error: enclosing 'parallel'
[INFO] [stderr]    2809 | # pragma omp parallel \
[INFO] [stderr]         |          ^~~
[INFO] [stderr]   /opt/rustwide/workdir/QuEST/QuEST/src/CPU/QuEST_cpu.c:2819:68: error: 'chunkId' not specified in enclosing 'parallel'
[INFO] [stderr]    2819 |             controlBit = extractBit (controlQubit, thisTask+chunkId*chunkSize);
[INFO] [stderr]         |                                                             ~~~~~~~^~~~~~~~~~
[INFO] [stderr]   /opt/rustwide/workdir/QuEST/QuEST/src/CPU/QuEST_cpu.c:2809:10: error: enclosing 'parallel'
[INFO] [stderr]    2809 | # pragma omp parallel \
[INFO] [stderr]         |          ^~~
[INFO] [stderr]   /opt/rustwide/workdir/QuEST/QuEST/src/CPU/QuEST_cpu.c:2819:68: error: 'chunkSize' not specified in enclosing 'parallel'
[INFO] [stderr]    2819 |             controlBit = extractBit (controlQubit, thisTask+chunkId*chunkSize);
[INFO] [stderr]         |                                                             ~~~~~~~^~~~~~~~~~
[INFO] [stderr]   /opt/rustwide/workdir/QuEST/QuEST/src/CPU/QuEST_cpu.c:2809:10: error: enclosing 'parallel'
[INFO] [stderr]    2809 | # pragma omp parallel \
[INFO] [stderr]         |          ^~~
[INFO] [stderr]   /opt/rustwide/workdir/QuEST/QuEST/src/CPU/QuEST_cpu.c:2819:26: error: 'controlQubit' not specified in enclosing 'parallel'
[INFO] [stderr]    2819 |             controlBit = extractBit (controlQubit, thisTask+chunkId*chunkSize);
[INFO] [stderr]         |                          ^~~~~~~~~~~~~~~~~~~~~~~~~~~~~~~~~~~~~~~~~~~~~~~~~~~~~
[INFO] [stderr]   /opt/rustwide/workdir/QuEST/QuEST/src/CPU/QuEST_cpu.c:2809:10: error: enclosing 'parallel'
[INFO] [stderr]    2809 | # pragma omp parallel \
[INFO] [stderr]         |          ^~~
[INFO] [stderr]   /opt/rustwide/workdir/QuEST/QuEST/src/CPU/QuEST_cpu.c:2821:53: error: 'conjFac' not specified in enclosing 'parallel'
[INFO] [stderr]    2821 |                 stateVecRealOut[thisTask] = conjFac * stateVecImagIn[thisTask];
[INFO] [stderr]         |                                             ~~~~~~~~^~~~~~~~~~~~~~~~~~~~~~~~~~
[INFO] [stderr]   /opt/rustwide/workdir/QuEST/QuEST/src/CPU/QuEST_cpu.c:2809:10: error: enclosing 'parallel'
[INFO] [stderr]    2809 | # pragma omp parallel \
[INFO] [stderr]         |          ^~~
[INFO] [stderr]   /opt/rustwide/workdir/QuEST/QuEST/src/CPU/QuEST_cpu.c: In function 'statevec_hadamardLocal':
[INFO] [stderr]   /opt/rustwide/workdir/QuEST/QuEST/src/CPU/QuEST_cpu.c:2862:10: error: 'numTasks' not specified in enclosing 'parallel'
[INFO] [stderr]    2862 | # pragma omp for schedule (static)
[INFO] [stderr]         |          ^~~
[INFO] [stderr]   /opt/rustwide/workdir/QuEST/QuEST/src/CPU/QuEST_cpu.c:2855:10: error: enclosing 'parallel'
[INFO] [stderr]    2855 | # pragma omp parallel \
[INFO] [stderr]         |          ^~~
[INFO] [stderr]   /opt/rustwide/workdir/QuEST/QuEST/src/CPU/QuEST_cpu.c: In function 'statevec_hadamardDistributed':
[INFO] [stderr]   /opt/rustwide/workdir/QuEST/QuEST/src/CPU/QuEST_cpu.c:2924:10: error: 'numTasks' not specified in enclosing 'parallel'
[INFO] [stderr]    2924 | # pragma omp for schedule (static)
[INFO] [stderr]         |          ^~~
[INFO] [stderr]   /opt/rustwide/workdir/QuEST/QuEST/src/CPU/QuEST_cpu.c:2916:10: error: enclosing 'parallel'
[INFO] [stderr]    2916 | # pragma omp parallel \
[INFO] [stderr]         |          ^~~
[INFO] [stderr]   /opt/rustwide/workdir/QuEST/QuEST/src/CPU/QuEST_cpu.c: In function 'statevec_phaseShiftByTerm':
[INFO] [stderr]   /opt/rustwide/workdir/QuEST/QuEST/src/CPU/QuEST_cpu.c:2968:59: error: 'chunkId' not specified in enclosing 'parallel'
[INFO] [stderr]    2968 |         targetBit = extractBit (targetQubit, index+chunkId*chunkSize);
[INFO] [stderr]         |                                                    ~~~~~~~^~~~~~~~~~
[INFO] [stderr]   /opt/rustwide/workdir/QuEST/QuEST/src/CPU/QuEST_cpu.c:2959:10: error: enclosing 'parallel'
[INFO] [stderr]    2959 | # pragma omp parallel for \
[INFO] [stderr]         |          ^~~
[INFO] [stderr]   /opt/rustwide/workdir/QuEST/QuEST/src/CPU/QuEST_cpu.c:2968:59: error: 'chunkSize' not specified in enclosing 'parallel'
[INFO] [stderr]    2968 |         targetBit = extractBit (targetQubit, index+chunkId*chunkSize);
[INFO] [stderr]         |                                                    ~~~~~~~^~~~~~~~~~
[INFO] [stderr]   /opt/rustwide/workdir/QuEST/QuEST/src/CPU/QuEST_cpu.c:2959:10: error: enclosing 'parallel'
[INFO] [stderr]    2959 | # pragma omp parallel for \
[INFO] [stderr]         |          ^~~
[INFO] [stderr]   /opt/rustwide/workdir/QuEST/QuEST/src/CPU/QuEST_cpu.c:2968:21: error: 'targetQubit' not specified in enclosing 'parallel'
[INFO] [stderr]    2968 |         targetBit = extractBit (targetQubit, index+chunkId*chunkSize);
[INFO] [stderr]         |                     ^~~~~~~~~~~~~~~~~~~~~~~~~~~~~~~~~~~~~~~~~~~~~~~~~
[INFO] [stderr]   /opt/rustwide/workdir/QuEST/QuEST/src/CPU/QuEST_cpu.c:2959:10: error: enclosing 'parallel'
[INFO] [stderr]    2959 | # pragma omp parallel for \
[INFO] [stderr]         |          ^~~
[INFO] [stderr]   /opt/rustwide/workdir/QuEST/QuEST/src/CPU/QuEST_cpu.c:2974:43: error: 'cosAngle' not specified in enclosing 'parallel'
[INFO] [stderr]    2974 |             stateVecReal[index] = cosAngle*stateRealLo - sinAngle*stateImagLo;
[INFO] [stderr]         |                                   ~~~~~~~~^~~~~~~~~~~~
[INFO] [stderr]   /opt/rustwide/workdir/QuEST/QuEST/src/CPU/QuEST_cpu.c:2959:10: error: enclosing 'parallel'
[INFO] [stderr]    2959 | # pragma omp parallel for \
[INFO] [stderr]         |          ^~~
[INFO] [stderr]   /opt/rustwide/workdir/QuEST/QuEST/src/CPU/QuEST_cpu.c:2974:66: error: 'sinAngle' not specified in enclosing 'parallel'
[INFO] [stderr]    2974 |             stateVecReal[index] = cosAngle*stateRealLo - sinAngle*stateImagLo;
[INFO] [stderr]         |                                                          ~~~~~~~~^~~~~~~~~~~~
[INFO] [stderr]   /opt/rustwide/workdir/QuEST/QuEST/src/CPU/QuEST_cpu.c:2959:10: error: enclosing 'parallel'
[INFO] [stderr]    2959 | # pragma omp parallel for \
[INFO] [stderr]         |          ^~~
[INFO] [stderr]   /opt/rustwide/workdir/QuEST/QuEST/src/CPU/QuEST_cpu.c: In function 'statevec_controlledPhaseShift':
[INFO] [stderr]   /opt/rustwide/workdir/QuEST/QuEST/src/CPU/QuEST_cpu.c:3006:51: error: 'chunkId' not specified in enclosing 'parallel'
[INFO] [stderr]    3006 |         bit1 = extractBit (idQubit1, index+chunkId*chunkSize);
[INFO] [stderr]         |                                            ~~~~~~~^~~~~~~~~~
[INFO] [stderr]   /opt/rustwide/workdir/QuEST/QuEST/src/CPU/QuEST_cpu.c:2999:10: error: enclosing 'parallel'
[INFO] [stderr]    2999 | # pragma omp parallel for \
[INFO] [stderr]         |          ^~~
[INFO] [stderr]   /opt/rustwide/workdir/QuEST/QuEST/src/CPU/QuEST_cpu.c:3006:51: error: 'chunkSize' not specified in enclosing 'parallel'
[INFO] [stderr]    3006 |         bit1 = extractBit (idQubit1, index+chunkId*chunkSize);
[INFO] [stderr]         |                                            ~~~~~~~^~~~~~~~~~
[INFO] [stderr]   /opt/rustwide/workdir/QuEST/QuEST/src/CPU/QuEST_cpu.c:2999:10: error: enclosing 'parallel'
[INFO] [stderr]    2999 | # pragma omp parallel for \
[INFO] [stderr]         |          ^~~
[INFO] [stderr]   /opt/rustwide/workdir/QuEST/QuEST/src/CPU/QuEST_cpu.c:3006:16: error: 'idQubit1' not specified in enclosing 'parallel'
[INFO] [stderr]    3006 |         bit1 = extractBit (idQubit1, index+chunkId*chunkSize);
[INFO] [stderr]         |                ^~~~~~~~~~~~~~~~~~~~~~~~~~~~~~~~~~~~~~~~~~~~~~
[INFO] [stderr]   /opt/rustwide/workdir/QuEST/QuEST/src/CPU/QuEST_cpu.c:2999:10: error: enclosing 'parallel'
[INFO] [stderr]    2999 | # pragma omp parallel for \
[INFO] [stderr]         |          ^~~
[INFO] [stderr]   /opt/rustwide/workdir/QuEST/QuEST/src/CPU/QuEST_cpu.c:3007:16: error: 'idQubit2' not specified in enclosing 'parallel'
[INFO] [stderr]    3007 |         bit2 = extractBit (idQubit2, index+chunkId*chunkSize);
[INFO] [stderr]         |                ^~~~~~~~~~~~~~~~~~~~~~~~~~~~~~~~~~~~~~~~~~~~~~
[INFO] [stderr]   /opt/rustwide/workdir/QuEST/QuEST/src/CPU/QuEST_cpu.c:2999:10: error: enclosing 'parallel'
[INFO] [stderr]    2999 | # pragma omp parallel for \
[INFO] [stderr]         |          ^~~
[INFO] [stderr]   /opt/rustwide/workdir/QuEST/QuEST/src/CPU/QuEST_cpu.c:3013:43: error: 'cosAngle' not specified in enclosing 'parallel'
[INFO] [stderr]    3013 |             stateVecReal[index] = cosAngle*stateRealLo - sinAngle*stateImagLo;
[INFO] [stderr]         |                                   ~~~~~~~~^~~~~~~~~~~~
[INFO] [stderr]   /opt/rustwide/workdir/QuEST/QuEST/src/CPU/QuEST_cpu.c:2999:10: error: enclosing 'parallel'
[INFO] [stderr]    2999 | # pragma omp parallel for \
[INFO] [stderr]         |          ^~~
[INFO] [stderr]   /opt/rustwide/workdir/QuEST/QuEST/src/CPU/QuEST_cpu.c:3013:66: error: 'sinAngle' not specified in enclosing 'parallel'
[INFO] [stderr]    3013 |             stateVecReal[index] = cosAngle*stateRealLo - sinAngle*stateImagLo;
[INFO] [stderr]         |                                                          ~~~~~~~~^~~~~~~~~~~~
[INFO] [stderr]   /opt/rustwide/workdir/QuEST/QuEST/src/CPU/QuEST_cpu.c:2999:10: error: enclosing 'parallel'
[INFO] [stderr]    2999 | # pragma omp parallel for \
[INFO] [stderr]         |          ^~~
[INFO] [stderr]   /opt/rustwide/workdir/QuEST/QuEST/src/CPU/QuEST_cpu.c: In function 'statevec_multiControlledPhaseShift':
[INFO] [stderr]   /opt/rustwide/workdir/QuEST/QuEST/src/CPU/QuEST_cpu.c:3048:47: error: 'chunkId' not specified in enclosing 'parallel'
[INFO] [stderr]    3048 |             if (mask == (mask & (index+chunkId*chunkSize)) ){
[INFO] [stderr]         |                                        ~~~~~~~^~~~~~~~~~
[INFO] [stderr]   /opt/rustwide/workdir/QuEST/QuEST/src/CPU/QuEST_cpu.c:3038:10: error: enclosing 'parallel'
[INFO] [stderr]    3038 | # pragma omp parallel \
[INFO] [stderr]         |          ^~~
[INFO] [stderr]   /opt/rustwide/workdir/QuEST/QuEST/src/CPU/QuEST_cpu.c:3048:47: error: 'chunkSize' not specified in enclosing 'parallel'
[INFO] [stderr]    3048 |             if (mask == (mask & (index+chunkId*chunkSize)) ){
[INFO] [stderr]         |                                        ~~~~~~~^~~~~~~~~~
[INFO] [stderr]   /opt/rustwide/workdir/QuEST/QuEST/src/CPU/QuEST_cpu.c:3038:10: error: enclosing 'parallel'
[INFO] [stderr]    3038 | # pragma omp parallel \
[INFO] [stderr]         |          ^~~
[INFO] [stderr]   /opt/rustwide/workdir/QuEST/QuEST/src/CPU/QuEST_cpu.c:3053:47: error: 'cosAngle' not specified in enclosing 'parallel'
[INFO] [stderr]    3053 |                 stateVecReal[index] = cosAngle*stateRealLo - sinAngle*stateImagLo;
[INFO] [stderr]         |                                       ~~~~~~~~^~~~~~~~~~~~
[INFO] [stderr]   /opt/rustwide/workdir/QuEST/QuEST/src/CPU/QuEST_cpu.c:3038:10: error: enclosing 'parallel'
[INFO] [stderr]    3038 | # pragma omp parallel \
[INFO] [stderr]         |          ^~~
[INFO] [stderr]   /opt/rustwide/workdir/QuEST/QuEST/src/CPU/QuEST_cpu.c:3053:70: error: 'sinAngle' not specified in enclosing 'parallel'
[INFO] [stderr]    3053 |                 stateVecReal[index] = cosAngle*stateRealLo - sinAngle*stateImagLo;
[INFO] [stderr]         |                                                              ~~~~~~~~^~~~~~~~~~~~
[INFO] [stderr]   /opt/rustwide/workdir/QuEST/QuEST/src/CPU/QuEST_cpu.c:3038:10: error: enclosing 'parallel'
[INFO] [stderr]    3038 | # pragma omp parallel \
[INFO] [stderr]         |          ^~~
[INFO] [stderr]   /opt/rustwide/workdir/QuEST/QuEST/src/CPU/QuEST_cpu.c: In function 'statevec_multiRotateZ':
[INFO] [stderr]   /opt/rustwide/workdir/QuEST/QuEST/src/CPU/QuEST_cpu.c:3104:57: error: 'chunkId' not specified in enclosing 'parallel'
[INFO] [stderr]    3104 |             fac = getBitMaskParity(mask & (index+chunkId*chunkSize))? -1 : 1;
[INFO] [stderr]         |                                                  ~~~~~~~^~~~~~~~~~
[INFO] [stderr]   /opt/rustwide/workdir/QuEST/QuEST/src/CPU/QuEST_cpu.c:3090:10: error: enclosing 'parallel'
[INFO] [stderr]    3090 | # pragma omp parallel \
[INFO] [stderr]         |          ^~~
[INFO] [stderr]   /opt/rustwide/workdir/QuEST/QuEST/src/CPU/QuEST_cpu.c:3104:57: error: 'chunkSize' not specified in enclosing 'parallel'
[INFO] [stderr]    3104 |             fac = getBitMaskParity(mask & (index+chunkId*chunkSize))? -1 : 1;
[INFO] [stderr]         |                                                  ~~~~~~~^~~~~~~~~~
[INFO] [stderr]   /opt/rustwide/workdir/QuEST/QuEST/src/CPU/QuEST_cpu.c:3090:10: error: enclosing 'parallel'
[INFO] [stderr]    3090 | # pragma omp parallel \
[INFO] [stderr]         |          ^~~
[INFO] [stderr]   /opt/rustwide/workdir/QuEST/QuEST/src/CPU/QuEST_cpu.c:3105:43: error: 'cosAngle' not specified in enclosing 'parallel'
[INFO] [stderr]    3105 |             stateVecReal[index] = cosAngle*stateReal + fac * sinAngle*stateImag;
[INFO] [stderr]         |                                   ~~~~~~~~^~~~~~~~~~
[INFO] [stderr]   /opt/rustwide/workdir/QuEST/QuEST/src/CPU/QuEST_cpu.c:3090:10: error: enclosing 'parallel'
[INFO] [stderr]    3090 | # pragma omp parallel \
[INFO] [stderr]         |          ^~~
[INFO] [stderr]   /opt/rustwide/workdir/QuEST/QuEST/src/CPU/QuEST_cpu.c:3105:60: error: 'sinAngle' not specified in enclosing 'parallel'
[INFO] [stderr]    3105 |             stateVecReal[index] = cosAngle*stateReal + fac * sinAngle*stateImag;
[INFO] [stderr]         |                                                        ~~~~^~~~~~~~~~
[INFO] [stderr]   /opt/rustwide/workdir/QuEST/QuEST/src/CPU/QuEST_cpu.c:3090:10: error: enclosing 'parallel'
[INFO] [stderr]    3090 | # pragma omp parallel \
[INFO] [stderr]         |          ^~~
[INFO] [stderr]   /opt/rustwide/workdir/QuEST/QuEST/src/CPU/QuEST_cpu.c: In function 'statevec_controlledPhaseFlip':
[INFO] [stderr]   /opt/rustwide/workdir/QuEST/QuEST/src/CPU/QuEST_cpu.c:3282:51: error: 'chunkId' not specified in enclosing 'parallel'
[INFO] [stderr]    3282 |         bit1 = extractBit (idQubit1, index+chunkId*chunkSize);
[INFO] [stderr]         |                                            ~~~~~~~^~~~~~~~~~
[INFO] [stderr]   /opt/rustwide/workdir/QuEST/QuEST/src/CPU/QuEST_cpu.c:3275:10: error: enclosing 'parallel'
[INFO] [stderr]    3275 | # pragma omp parallel for \
[INFO] [stderr]         |          ^~~
[INFO] [stderr]   /opt/rustwide/workdir/QuEST/QuEST/src/CPU/QuEST_cpu.c:3282:51: error: 'chunkSize' not specified in enclosing 'parallel'
[INFO] [stderr]    3282 |         bit1 = extractBit (idQubit1, index+chunkId*chunkSize);
[INFO] [stderr]         |                                            ~~~~~~~^~~~~~~~~~
[INFO] [stderr]   /opt/rustwide/workdir/QuEST/QuEST/src/CPU/QuEST_cpu.c:3275:10: error: enclosing 'parallel'
[INFO] [stderr]    3275 | # pragma omp parallel for \
[INFO] [stderr]         |          ^~~
[INFO] [stderr]   /opt/rustwide/workdir/QuEST/QuEST/src/CPU/QuEST_cpu.c:3282:16: error: 'idQubit1' not specified in enclosing 'parallel'
[INFO] [stderr]    3282 |         bit1 = extractBit (idQubit1, index+chunkId*chunkSize);
[INFO] [stderr]         |                ^~~~~~~~~~~~~~~~~~~~~~~~~~~~~~~~~~~~~~~~~~~~~~
[INFO] [stderr]   /opt/rustwide/workdir/QuEST/QuEST/src/CPU/QuEST_cpu.c:3275:10: error: enclosing 'parallel'
[INFO] [stderr]    3275 | # pragma omp parallel for \
[INFO] [stderr]         |          ^~~
[INFO] [stderr]   /opt/rustwide/workdir/QuEST/QuEST/src/CPU/QuEST_cpu.c:3283:16: error: 'idQubit2' not specified in enclosing 'parallel'
[INFO] [stderr]    3283 |         bit2 = extractBit (idQubit2, index+chunkId*chunkSize);
[INFO] [stderr]         |                ^~~~~~~~~~~~~~~~~~~~~~~~~~~~~~~~~~~~~~~~~~~~~~
[INFO] [stderr]   /opt/rustwide/workdir/QuEST/QuEST/src/CPU/QuEST_cpu.c:3275:10: error: enclosing 'parallel'
[INFO] [stderr]    3275 | # pragma omp parallel for \
[INFO] [stderr]         |          ^~~
[INFO] [stderr]   /opt/rustwide/workdir/QuEST/QuEST/src/CPU/QuEST_cpu.c: In function 'statevec_multiControlledPhaseFlip':
[INFO] [stderr]   /opt/rustwide/workdir/QuEST/QuEST/src/CPU/QuEST_cpu.c:3316:47: error: 'chunkId' not specified in enclosing 'parallel'
[INFO] [stderr]    3316 |             if (mask == (mask & (index+chunkId*chunkSize)) ){
[INFO] [stderr]         |                                        ~~~~~~~^~~~~~~~~~
[INFO] [stderr]   /opt/rustwide/workdir/QuEST/QuEST/src/CPU/QuEST_cpu.c:3306:10: error: enclosing 'parallel'
[INFO] [stderr]    3306 | # pragma omp parallel \
[INFO] [stderr]         |          ^~~
[INFO] [stderr]   /opt/rustwide/workdir/QuEST/QuEST/src/CPU/QuEST_cpu.c:3316:47: error: 'chunkSize' not specified in enclosing 'parallel'
[INFO] [stderr]    3316 |             if (mask == (mask & (index+chunkId*chunkSize)) ){
[INFO] [stderr]         |                                        ~~~~~~~^~~~~~~~~~
[INFO] [stderr]   /opt/rustwide/workdir/QuEST/QuEST/src/CPU/QuEST_cpu.c:3306:10: error: enclosing 'parallel'
[INFO] [stderr]    3306 | # pragma omp parallel \
[INFO] [stderr]         |          ^~~
[INFO] [stderr]   make[2]: *** [QuEST/CMakeFiles/QuEST.dir/build.make:128: QuEST/CMakeFiles/QuEST.dir/src/CPU/QuEST_cpu.c.o] Error 1
[INFO] [stderr]   make[2]: *** Waiting for unfinished jobs....
[INFO] [stderr]   make[1]: *** [CMakeFiles/Makefile2:161: QuEST/CMakeFiles/QuEST.dir/all] Error 2
[INFO] [stderr]   make: *** [Makefile:84: all] Error 2
[INFO] [stderr]   thread 'main' panicked at '
[INFO] [stderr]   command did not execute successfully, got: exit code: 2
[INFO] [stderr] 
[INFO] [stderr]   build script failed, must exit now', /opt/rustwide/cargo-home/registry/src/github.com-1ecc6299db9ec823/cmake-0.1.44/src/lib.rs:885:5
[INFO] [stderr]   stack backtrace:
[INFO] [stderr]      0:     0x55f34ecba2e0 - std::backtrace_rs::backtrace::libunwind::trace::h452faf99f32e7c93
[INFO] [stderr]                                  at /rustc/af3c6e733a40e671550e0f0f5aeecaa13772ba56/library/std/src/../../backtrace/src/backtrace/libunwind.rs:96
[INFO] [stderr]      1:     0x55f34ecba2e0 - std::backtrace_rs::backtrace::trace_unsynchronized::he40edc71437667a1
[INFO] [stderr]                                  at /rustc/af3c6e733a40e671550e0f0f5aeecaa13772ba56/library/std/src/../../backtrace/src/backtrace/mod.rs:66
[INFO] [stderr]      2:     0x55f34ecba2e0 - std::sys_common::backtrace::_print_fmt::h6c51d6ade71f46bf
[INFO] [stderr]                                  at /rustc/af3c6e733a40e671550e0f0f5aeecaa13772ba56/library/std/src/sys_common/backtrace.rs:79
[INFO] [stderr]      3:     0x55f34ecba2e0 - <std::sys_common::backtrace::_print::DisplayBacktrace as core::fmt::Display>::fmt::h3cd15d7003dec37a
[INFO] [stderr]                                  at /rustc/af3c6e733a40e671550e0f0f5aeecaa13772ba56/library/std/src/sys_common/backtrace.rs:58
[INFO] [stderr]      4:     0x55f34ece06fc - core::fmt::write::h1857a60b204f1b6a
[INFO] [stderr]                                  at /rustc/af3c6e733a40e671550e0f0f5aeecaa13772ba56/library/core/src/fmt/mod.rs:1080
[INFO] [stderr]      5:     0x55f34ecb6867 - std::io::Write::write_fmt::hac61caff894c35ae
[INFO] [stderr]                                  at /rustc/af3c6e733a40e671550e0f0f5aeecaa13772ba56/library/std/src/io/mod.rs:1517
[INFO] [stderr]      6:     0x55f34ecbcc80 - std::sys_common::backtrace::_print::haa2f390fb7957e3e
[INFO] [stderr]                                  at /rustc/af3c6e733a40e671550e0f0f5aeecaa13772ba56/library/std/src/sys_common/backtrace.rs:61
[INFO] [stderr]      7:     0x55f34ecbcc80 - std::sys_common::backtrace::print::h48c7cbbad9013bb1
[INFO] [stderr]                                  at /rustc/af3c6e733a40e671550e0f0f5aeecaa13772ba56/library/std/src/sys_common/backtrace.rs:48
[INFO] [stderr]      8:     0x55f34ecbcc80 - std::panicking::default_hook::{{closure}}::h8b7ff05a31e71d55
[INFO] [stderr]                                  at /rustc/af3c6e733a40e671550e0f0f5aeecaa13772ba56/library/std/src/panicking.rs:208
[INFO] [stderr]      9:     0x55f34ecbc9cc - std::panicking::default_hook::h2f00c78800d98e4c
[INFO] [stderr]                                  at /rustc/af3c6e733a40e671550e0f0f5aeecaa13772ba56/library/std/src/panicking.rs:227
[INFO] [stderr]     10:     0x55f34ecbd2e3 - std::panicking::rust_panic_with_hook::h4eaa635e4694aef3
[INFO] [stderr]                                  at /rustc/af3c6e733a40e671550e0f0f5aeecaa13772ba56/library/std/src/panicking.rs:577
[INFO] [stderr]     11:     0x55f34ecbceb9 - std::panicking::begin_panic_handler::{{closure}}::hec242f1b136b5ff2
[INFO] [stderr]                                  at /rustc/af3c6e733a40e671550e0f0f5aeecaa13772ba56/library/std/src/panicking.rs:484
[INFO] [stderr]     12:     0x55f34ecba74c - std::sys_common::backtrace::__rust_end_short_backtrace::h1f3cc383ee6c0374
[INFO] [stderr]                                  at /rustc/af3c6e733a40e671550e0f0f5aeecaa13772ba56/library/std/src/sys_common/backtrace.rs:153
[INFO] [stderr]     13:     0x55f34ecbce79 - rust_begin_unwind
[INFO] [stderr]                                  at /rustc/af3c6e733a40e671550e0f0f5aeecaa13772ba56/library/std/src/panicking.rs:483
[INFO] [stderr]     14:     0x55f34ecbce2b - std::panicking::begin_panic_fmt::hebfdcd945bbd27b1
[INFO] [stderr]                                  at /rustc/af3c6e733a40e671550e0f0f5aeecaa13772ba56/library/std/src/panicking.rs:437
[INFO] [stderr]     15:     0x55f34e71d8b7 - cmake::fail::h5ac34a445f962f17
[INFO] [stderr]                                  at /opt/rustwide/cargo-home/registry/src/github.com-1ecc6299db9ec823/cmake-0.1.44/src/lib.rs:885
[INFO] [stderr]     16:     0x55f34e71d1fc - cmake::run::hdae76e59475531dd
[INFO] [stderr]                                  at /opt/rustwide/cargo-home/registry/src/github.com-1ecc6299db9ec823/cmake-0.1.44/src/lib.rs:863
[INFO] [stderr]     17:     0x55f34e71996b - cmake::Config::build::h1f94ac9664857d70
[INFO] [stderr]                                  at /opt/rustwide/cargo-home/registry/src/github.com-1ecc6299db9ec823/cmake-0.1.44/src/lib.rs:769
[INFO] [stderr]     18:     0x55f34e713a1a - build_script_build::main::h08bacb4ea869248e
[INFO] [stderr]                                  at /opt/rustwide/workdir/build.rs:9
[INFO] [stderr]     19:     0x55f34e711c6b - core::ops::function::FnOnce::call_once::h38ac0c909f895c74
[INFO] [stderr]                                  at /rustc/af3c6e733a40e671550e0f0f5aeecaa13772ba56/library/core/src/ops/function.rs:227
[INFO] [stderr]     20:     0x55f34e71564e - std::sys_common::backtrace::__rust_begin_short_backtrace::hfc8229b84a57c400
[INFO] [stderr]                                  at /rustc/af3c6e733a40e671550e0f0f5aeecaa13772ba56/library/std/src/sys_common/backtrace.rs:137
[INFO] [stderr]     21:     0x55f34e713051 - std::rt::lang_start::{{closure}}::hca1975c880a93171
[INFO] [stderr]                                  at /rustc/af3c6e733a40e671550e0f0f5aeecaa13772ba56/library/std/src/rt.rs:66
[INFO] [stderr]     22:     0x55f34ecbd6e1 - core::ops::function::impls::<impl core::ops::function::FnOnce<A> for &F>::call_once::hecc21eb9018cc197
[INFO] [stderr]                                  at /rustc/af3c6e733a40e671550e0f0f5aeecaa13772ba56/library/core/src/ops/function.rs:259
[INFO] [stderr]     23:     0x55f34ecbd6e1 - std::panicking::try::do_call::h174ad655d084b5c7
[INFO] [stderr]                                  at /rustc/af3c6e733a40e671550e0f0f5aeecaa13772ba56/library/std/src/panicking.rs:381
[INFO] [stderr]     24:     0x55f34ecbd6e1 - std::panicking::try::h479e6054ce28de10
[INFO] [stderr]                                  at /rustc/af3c6e733a40e671550e0f0f5aeecaa13772ba56/library/std/src/panicking.rs:345
[INFO] [stderr]     25:     0x55f34ecbd6e1 - std::panic::catch_unwind::hb558ddea2b3e9c45
[INFO] [stderr]                                  at /rustc/af3c6e733a40e671550e0f0f5aeecaa13772ba56/library/std/src/panic.rs:382
[INFO] [stderr]     26:     0x55f34ecbd6e1 - std::rt::lang_start_internal::h163149047f0a8b61
[INFO] [stderr]                                  at /rustc/af3c6e733a40e671550e0f0f5aeecaa13772ba56/library/std/src/rt.rs:51
[INFO] [stderr]     27:     0x55f34e713027 - std::rt::lang_start::had2e82d8254322d1
[INFO] [stderr]                                  at /rustc/af3c6e733a40e671550e0f0f5aeecaa13772ba56/library/std/src/rt.rs:65
[INFO] [stderr]     28:     0x55f34e7142aa - main
[INFO] [stderr]     29:     0x7f09177dd0b3 - __libc_start_main
[INFO] [stderr]     30:     0x55f34e70e0de - _start
[INFO] [stderr]     31:                0x0 - <unknown>
[INFO] running `Command { std: "docker" "inspect" "f081690585bb96ad40a140e02f540078d2c375853f881f19cd709caf5ccf4e86", kill_on_drop: false }`
[INFO] running `Command { std: "docker" "rm" "-f" "f081690585bb96ad40a140e02f540078d2c375853f881f19cd709caf5ccf4e86", kill_on_drop: false }`
[INFO] [stdout] f081690585bb96ad40a140e02f540078d2c375853f881f19cd709caf5ccf4e86
